*f**2 + 40 + 0*f. Let v be j(4). Suppose -d = v*u - 35, -u = -4*d - 2*u + 96. Calculate the remainder when d is divided by 9.
5
Let a = -75 + 51. Let f = a + 21. Calculate the remainder when (-1)/f*59*3 is divided by 31.
28
Let x = -1239 + 1419. Calculate the remainder when 371 is divided by x.
11
Let o = -92 + -59. Let g = o + 216. Calculate the remainder when g is divided by 12.
5
Let d be (-23)/2 - (5/(-10) + 2). Let c = d - -23. What is the remainder when 16 is divided by c?
6
Let j = 35 - 21. Suppose 6*h + 7*h = 715. What is the remainder when h is divided by j?
13
Suppose -2 = p - 3. Let z(i) = -21*i**2 - i**3 + 17 + 27*i**2 + i - 22*i**2. What is the remainder when p is divided by z(-16)?
0
Let y = -90 - -96. Calculate the remainder when 10 is divided by y.
4
Let b = 294 + -139. Suppose 5*i = 4*o + 220, -5*o + 13 = 2*i - 42. What is the remainder when b is divided by i?
35
Suppose 0*u + 4*u - 60 = 0. Let n(h) = 113*h - 449. Calculate the remainder when u is divided by n(4).
0
Let h = 10 + 4. Let m = 6181 + -6129. What is the remainder when m is divided by h?
10
Let k = 2689 + -2667. Calculate the remainder when 196 is divided by k.
20
Let x(f) = -7 - 3*f + 4*f + 3*f. Calculate the remainder when x(6) is divided by (-4)/(-3) - 115/(-15).
8
Suppose 4*v = -a + 125, a - 33 = 2*v + 110. Calculate the remainder when a is divided by 75.
62
Let h(r) = -204*r**3 + 2*r**2 + 4*r + 2. Calculate the remainder when h(-1) is divided by 9.
6
Suppose -422*g - 130 = -423*g. What is the remainder when g is divided by 45?
40
Let b(h) = -h**3 + 2*h + 4. Let a be b(0). Let o = 1 + a. Calculate the remainder when (3/(-9))/((-2)/114) is divided by o.
4
Let m(r) = 2*r**2 + 1. Suppose -22 = -4*j + 14. Let w(z) = z**3 - 10*z**2 + 9*z + 10. What is the remainder when w(j) is divided by m(1)?
1
Suppose -2*r - 32 = -38. Suppose 5*z + 5*v - 55 = 0, 0 = -5*z - 6*v + r*v + 45. Calculate the remainder when z is divided by (2/6)/((-2)/(-18)).
0
Suppose -k - 15 = -42. Suppose 14*h = -28 + 238. What is the remainder when k is divided by h?
12
Let y = 3596 + -3581. Calculate the remainder when 2/(-6)*1*-87 is divided by y.
14
Let w = -61 + 36. Let y = -3 - w. Calculate the remainder when 86 is divided by y.
20
Calculate the remainder when 126/(-27)*-9 + 0/(-3) is divided by 12.
6
Let q be 32/12*36/1. Let s = -90 + q. What is the remainder when 26 is divided by s?
2
Suppose -5*l + 173 = p, 130 = 4*l + 3*p + 2*p. Calculate the remainder when 205 is divided by l.
30
Suppose 883 = -5*k - h, -k - 276 = -2*h - 106. Let q = -103 - k. Calculate the remainder when q is divided by 15.
13
Calculate the remainder when (-1 - 1)*2/((-4)/249) is divided by 65.
54
Suppose -2*n - 2*n - a = -32, -a - 32 = -4*n. Suppose -7*y + n*y - 10 = 0. Suppose t + 2 - y = 0. What is the remainder when t is divided by 5?
3
Suppose -5*j + 117 + 168 = 0. Let t = j - 32. Suppose 5*q - 358 = -2*u, q - 71 = -2*u - 1. Calculate the remainder when q is divided by t.
22
Let z(h) = h**3 - 24*h**2 - 27*h + 60. What is the remainder when 429 is divided by z(25)?
9
Suppose 4*l - 17 = 3*d, -d + 6 - 1 = 0. Suppose 3*y - 68 = -2*r, 8*y - 11*y + 5*r = -40. What is the remainder when y is divided by l?
4
Let w be 3 - (-4)/8*2. Calculate the remainder when (21/(-1) + w)*-1 is divided by 3.
2
Let u = -803 + 827. Calculate the remainder when 67 is divided by u.
19
What is the remainder when ((-3)/5*-5)/((-5)/(-25)) is divided by 8?
7
Let g be (-2 - 14/(-6))*0. Calculate the remainder when -4 - (g - (1 + 24)) is divided by 12.
9
Let o(x) = 23*x**3 + 2*x**2 - 2*x + 1. Let y = -26 - -31. Suppose -46 = -y*t - 3*i + 31, -5*t = -5*i - 45. Calculate the remainder when o(1) is divided by t.
11
What is the remainder when (14 + 7)/((-9)/(-15)) is divided by 14 + -3 + 3 + -1?
9
Suppose -5*k + 0*k - 20 = 0, 4*o = -k + 8. Suppose -2*b = -4, 3*q - 184 = o*b + b. Calculate the remainder when q is divided by 18.
10
Let b(i) = -19*i + 15*i + 3 + 13 + 8. What is the remainder when b(-7) is divided by 14?
10
Suppose 3*w = -4*m + 4, -1 - 3 = -4*m - 4*w. Let y = m - -16. Let a = -8 + 73. What is the remainder when a is divided by y?
14
Suppose -7*l = 3*l - 1560. What is the remainder when (-4)/26 - (-9072)/l is divided by 10?
8
Let x(j) = -j**3 + j**2 + j + 1. Let v be x(-1). Let k(l) = -4*l - 4 - 6*l**2 + 13*l**v - 4 - l**3. What is the remainder when 5 is divided by k(6)?
1
Let n(w) = -12*w - 17. Let d(v) = 13*v + 2. Calculate the remainder when d(7) is divided by n(-3).
17
Let h = -15 - -41. Suppose 3*y - h = 19. Calculate the remainder when ((-58)/(-4)*-8)/(-2) is divided by y.
13
Let f(d) = -6*d**3 - 2*d**2 - 2*d - 1. Let m be f(-2). Let k = 73 - m. Suppose -3*o + 2 + 22 = 0. What is the remainder when k is divided by o?
6
Suppose -195 = 3*r - 3*l, -r - 5*l = -2*l + 73. Let m = -54 - r. What is the remainder when 49 is divided by m?
10
Suppose -30 = -3*f + 24. What is the remainder when (-23 + 2)*(-48)/f is divided by 30?
26
Suppose 0 = 18*c + 46 - 406. Calculate the remainder when 317 is divided by c.
17
Let k(i) = 22*i + 86. What is the remainder when k(9) is divided by 57?
56
Suppose p = 4*r + r - 33, -3*r - 4*p = -6. Calculate the remainder when 128 is divided by 385/15 + (r/(-9) - -1).
24
Suppose -u - 9 = 4*d - 48, 0 = -4*u - 4*d + 96. Calculate the remainder when (31 + 0 - 1)/1 is divided by u.
11
Let v = 1046 - 568. What is the remainder when v is divided by 96?
94
Let y = -18 + 6. Let t be 252/y - (-2)/1. Let l = -11 - t. What is the remainder when 28 is divided by l?
4
Let w = -92 + 101. Let v = 13 - -3. Suppose f - v = k, -f = 4*k - w - 12. Calculate the remainder when 83 is divided by f.
15
Let p = 150 - 138. Calculate the remainder when 33 is divided by p.
9
Let h(n) = -n**3 - 10*n**2 - 12*n + 17. Let z(f) = -f + 1. Let d(l) = -h(l) + 5*z(l). What is the remainder when 40 is divided by d(-9)?
4
Let i(v) = -4*v + 219. What is the remainder when 73 is divided by i(50)?
16
Let i = 253 - 149. Suppose 46 = 2*r - 2*y, 4*r - i = -y + 8. Calculate the remainder when 133 is divided by r.
25
Suppose 0*t - o - 251 = -4*t, 3*o = 15. Let c = 72 - t. Calculate the remainder when 22 is divided by c.
6
Let x(q) = 2*q + 98. What is the remainder when 645 is divided by x(-13)?
69
Suppose s - 3*w - 9 = -0*w, 0 = -2*w - 4. Suppose p = -s, p - 2*p + 102 = 5*z. Let v(b) = b + 12. Calculate the remainder when z is divided by v(-1).
10
Let q be 76/6 - 16/(-48). Suppose 0 = 4*s + 4*u - 44, s + q - 36 = 3*u. What is the remainder when s is divided by 4?
2
Let t(l) = -l**3 + 4*l**2 + 3*l. Let v be t(5). Let k = 33 - v. Calculate the remainder when k is divided by 15.
13
Let g(c) be the third derivative of c**6/120 + 7*c**5/60 - 3*c**4/8 + 11*c**3/6 + 8*c**2. What is the remainder when 131 is divided by g(-8)?
17
Suppose -38 + 8 = -2*y. Let b(u) = 2*u**3 - 40*u**2 + 34*u + 117. What is the remainder when b(19) is divided by y?
11
Let x = -419 + 548. Calculate the remainder when x is divided by 17.
10
Suppose 530 = -17*s + 2400. Calculate the remainder when s is divided by 29.
23
Let r = 1800 - 1748. Calculate the remainder when r is divided by 51.
1
Let j = 14 - 10. Suppose -j = -3*y - y. What is the remainder when 2 is divided by y?
0
Let u be (-72)/(-7) - 2/7. Suppose -2*y = -3*g - 15, -16*y = 5*g - 17*y + 18. Calculate the remainder when 16 is divided by u + (-3)/g + -2.
7
Suppose 5*r - 5*x + 181 = -479, -2*r = 2*x + 268. Let a = 155 + r. Suppose -4*i = 2*c - 20, c - 2*c + 5*i = 4. Calculate the remainder when a is divided by c.
4
Let d(u) = 16*u - 125. What is the remainder when 67 is divided by d(10)?
32
Let d = 11 - 5. Suppose -2*g = d - 16. Suppose 33 = c - g*w, 3 = 2*w + 5. Calculate the remainder when c is divided by 15.
13
Let p(h) = 9*h + 335. What is the remainder when p(-35) is divided by 2?
0
Suppose 3*w - 14 = x, 5*x - 9*x - 1 = -w. Let n(u) = -u**3 + 7*u**2 + 2*u - 9. What is the remainder when n(7) is divided by w?
0
Let u = -244 + 252. Calculate the remainder when 44 is divided by u.
4
Let d be 11 - 7 - (-3 - -2). Suppose 0 = d*s - 3*j - 328, -s - s = j - 129. What is the remainder when s is divided by 17?
14
Calculate the remainder when 10 - (-7 - -14) - (-1 + -154) is divided by 53.
52
Let g(v) = -v**3 + 4*v**2 + 7*v - 2. Let b be 